{"id":1221,"date":"2024-03-12T15:01:09","date_gmt":"2024-03-12T14:01:09","guid":{"rendered":"https:\/\/iso14001.cl\/?page_id=1221"},"modified":"2024-03-12T16:29:28","modified_gmt":"2024-03-12T15:29:28","slug":"noticias","status":"publish","type":"page","link":"https:\/\/iso14001.cl\/index.php\/noticias\/","title":{"rendered":"Noticias"},"content":{"rendered":"\t\t<div data-elementor-type=\"wp-page\" data-elementor-id=\"1221\" class=\"elementor elementor-1221\" data-elementor-post-type=\"page\">\n\t\t\t\t\t\t<section class=\"elementor-section elementor-top-section elementor-element elementor-element-9025640 elementor-section-full_width elementor-section-height-default elementor-section-height-default\" data-id=\"9025640\" data-element_type=\"section\">\n\t\t\t\t\t\t<div class=\"elementor-container elementor-column-gap-default\">\n\t\t\t\t\t<div class=\"elementor-column elementor-col-100 elementor-top-column elementor-element elementor-element-6540b4f\" data-id=\"6540b4f\" data-element_type=\"column\">\n\t\t\t<div class=\"elementor-widget-wrap elementor-element-populated\">\n\t\t\t\t\t\t<div class=\"elementor-element elementor-element-2594fae elementor-widget elementor-widget-heading\" data-id=\"2594fae\" data-element_type=\"widget\" data-settings=\"{&quot;motion_fx_motion_fx_scrolling&quot;:&quot;yes&quot;,&quot;motion_fx_devices&quot;:[&quot;desktop&quot;,&quot;tablet&quot;,&quot;mobile&quot;]}\" data-widget_type=\"heading.default\">\n\t\t\t\t<div class=\"elementor-widget-container\">\n\t\t\t\t\t<h2 class=\"elementor-heading-title elementor-size-default\">Noticias<\/h2>\t\t\t\t<\/div>\n\t\t\t\t<\/div>\n\t\t\t\t<div class=\"elementor-element elementor-element-7adc8c6 elementor-grid-3 elementor-grid-tablet-2 elementor-grid-mobile-1 elementor-posts--thumbnail-top elementor-widget elementor-widget-posts\" data-id=\"7adc8c6\" data-element_type=\"widget\" data-settings=\"{&quot;classic_columns&quot;:&quot;3&quot;,&quot;classic_columns_tablet&quot;:&quot;2&quot;,&quot;classic_columns_mobile&quot;:&quot;1&quot;,&quot;classic_row_gap&quot;:{&quot;unit&quot;:&quot;px&quot;,&quot;size&quot;:35,&quot;sizes&quot;:[]},&quot;classic_row_gap_tablet&quot;:{&quot;unit&quot;:&quot;px&quot;,&quot;size&quot;:&quot;&quot;,&quot;sizes&quot;:[]},&quot;classic_row_gap_mobile&quot;:{&quot;unit&quot;:&quot;px&quot;,&quot;size&quot;:&quot;&quot;,&quot;sizes&quot;:[]}}\" data-widget_type=\"posts.classic\">\n\t\t\t\t<div class=\"elementor-widget-container\">\n\t\t\t\t\t\t\t<div class=\"elementor-posts-container elementor-posts elementor-posts--skin-classic elementor-grid\">\n\t\t\t\t<article class=\"elementor-post elementor-grid-item post-1339 post type-post status-publish format-standard has-post-thumbnail hentry category-blog\">\n\t\t\t\t<a class=\"elementor-post__thumbnail__link\" href=\"https:\/\/iso14001.cl\/index.php\/2024\/03\/12\/ocde-entrega-tercer-informe-para-fortalecer-las-politicas-ambientales-de-chile\/\" tabindex=\"-1\" target=&quot;_blank&quot;>\n\t\t\t<div class=\"elementor-post__thumbnail\"><img fetchpriority=\"high\" decoding=\"async\" width=\"1500\" height=\"936\" src=\"https:\/\/iso14001.cl\/wp-content\/uploads\/2024\/03\/OCDE-1-1500x936-1.jpeg\" class=\"attachment-full size-full wp-image-1340\" alt=\"\" srcset=\"https:\/\/iso14001.cl\/wp-content\/uploads\/2024\/03\/OCDE-1-1500x936-1.jpeg 1500w, https:\/\/iso14001.cl\/wp-content\/uploads\/2024\/03\/OCDE-1-1500x936-1-300x187.jpeg 300w, https:\/\/iso14001.cl\/wp-content\/uploads\/2024\/03\/OCDE-1-1500x936-1-1024x639.jpeg 1024w, https:\/\/iso14001.cl\/wp-content\/uploads\/2024\/03\/OCDE-1-1500x936-1-768x479.jpeg 768w\" sizes=\"(max-width: 1500px) 100vw, 1500px\" \/><\/div>\n\t\t<\/a>\n\t\t\t\t<div class=\"elementor-post__text\">\n\t\t\t\t<h3 class=\"elementor-post__title\">\n\t\t\t<a href=\"https:\/\/iso14001.cl\/index.php\/2024\/03\/12\/ocde-entrega-tercer-informe-para-fortalecer-las-politicas-ambientales-de-chile\/\" target=&quot;_blank&quot;>\n\t\t\t\tOCDE entrega tercer informe para fortalecer las pol\u00edticas ambientales de Chile\t\t\t<\/a>\n\t\t<\/h3>\n\t\t\t\t<div class=\"elementor-post__meta-data\">\n\t\t\t\t\t<span class=\"elementor-post-date\">\n\t\t\t12 de March de 2024\t\t<\/span>\n\t\t\t\t<span class=\"elementor-post-avatar\">\n\t\t\tNo Comments\t\t<\/span>\n\t\t\t\t<\/div>\n\t\t\t\t<div class=\"elementor-post__excerpt\">\n\t\t\t<p>En una ceremonia en Cepal, este jueves el pa\u00eds recibir\u00e1 la tercera Evaluaci\u00f3n de Desempe\u00f1o Ambiental (EDA) realizada por la OCDE y que eval\u00faa el cumplimiento de varios a\u00f1os de un pa\u00eds. \u00a0 Este jueves, en Cepal, las autoridades del pa\u00eds recibir\u00e1n la tercera Evaluaci\u00f3n de Desempe\u00f1o Ambiental (EDA) de Chile, un instrumento realizado por la Organizaci\u00f3n para la Cooperaci\u00f3n y el Desarrollo Econ\u00f3micos (OCDE) y que contendr\u00e1, adem\u00e1s de un an\u00e1lisis de desempe\u00f1o, recomendaciones clave<\/p>\n\t\t<\/div>\n\t\t\n\t\t<a class=\"elementor-post__read-more\" href=\"https:\/\/iso14001.cl\/index.php\/2024\/03\/12\/ocde-entrega-tercer-informe-para-fortalecer-las-politicas-ambientales-de-chile\/\" aria-label=\"Read more about OCDE entrega tercer informe para fortalecer las pol\u00edticas ambientales de Chile\" tabindex=\"-1\" target=\"_blank\">\n\t\t\tLeer m\u00e1s \u00bb\t\t<\/a>\n\n\t\t\t\t<\/div>\n\t\t\t\t<\/article>\n\t\t\t\t<article class=\"elementor-post elementor-grid-item post-1333 post type-post status-publish format-standard has-post-thumbnail hentry category-blog\">\n\t\t\t\t<a class=\"elementor-post__thumbnail__link\" href=\"https:\/\/iso14001.cl\/index.php\/2024\/03\/12\/ministerio-del-medio-ambiente-firma-acuerdo-de-colaboracion-en-materia-de-transicion-ecologica-justa-con-el-ministerio-de-transicion-ecologica-y-reto-demografico-de-espana\/\" tabindex=\"-1\" target=&quot;_blank&quot;>\n\t\t\t<div class=\"elementor-post__thumbnail\"><img decoding=\"async\" width=\"1500\" height=\"936\" src=\"https:\/\/iso14001.cl\/wp-content\/uploads\/2024\/03\/WhatsApp-Image-2024-03-08-at-15.55.38-1500x936-1.jpeg\" class=\"attachment-full size-full wp-image-1335\" alt=\"\" srcset=\"https:\/\/iso14001.cl\/wp-content\/uploads\/2024\/03\/WhatsApp-Image-2024-03-08-at-15.55.38-1500x936-1.jpeg 1500w, https:\/\/iso14001.cl\/wp-content\/uploads\/2024\/03\/WhatsApp-Image-2024-03-08-at-15.55.38-1500x936-1-300x187.jpeg 300w, https:\/\/iso14001.cl\/wp-content\/uploads\/2024\/03\/WhatsApp-Image-2024-03-08-at-15.55.38-1500x936-1-1024x639.jpeg 1024w, https:\/\/iso14001.cl\/wp-content\/uploads\/2024\/03\/WhatsApp-Image-2024-03-08-at-15.55.38-1500x936-1-768x479.jpeg 768w\" sizes=\"(max-width: 1500px) 100vw, 1500px\" \/><\/div>\n\t\t<\/a>\n\t\t\t\t<div class=\"elementor-post__text\">\n\t\t\t\t<h3 class=\"elementor-post__title\">\n\t\t\t<a href=\"https:\/\/iso14001.cl\/index.php\/2024\/03\/12\/ministerio-del-medio-ambiente-firma-acuerdo-de-colaboracion-en-materia-de-transicion-ecologica-justa-con-el-ministerio-de-transicion-ecologica-y-reto-demografico-de-espana\/\" target=&quot;_blank&quot;>\n\t\t\t\tMinisterio del Medio Ambiente firma acuerdo sobre transici\u00f3n ecol\u00f3gica justa con hom\u00f3logo espa\u00f1ol de Espa\u00f1a\t\t\t<\/a>\n\t\t<\/h3>\n\t\t\t\t<div class=\"elementor-post__meta-data\">\n\t\t\t\t\t<span class=\"elementor-post-date\">\n\t\t\t12 de March de 2024\t\t<\/span>\n\t\t\t\t<span class=\"elementor-post-avatar\">\n\t\t\tNo Comments\t\t<\/span>\n\t\t\t\t<\/div>\n\t\t\t\t<div class=\"elementor-post__excerpt\">\n\t\t\t<p>La alianza se enmarca en la voluntad de ambos pa\u00edses de fomentar la transici\u00f3n hacia una econom\u00eda ambientalmente sostenible\u00a0, que considere la reducci\u00f3n de las emisiones de carbono, minimice los impactos en los territorios y sus comunidades,maximice las oportunidades de empleo y la justicia social. El Ministerio para la Transici\u00f3n Ecol\u00f3gica y Reto Demogr\u00e1fico y el Ministerio del Medio Ambiente de Chile han firmado un Acuerdo en materia de transici\u00f3n ecol\u00f3gica justa. El evento ha tenido<\/p>\n\t\t<\/div>\n\t\t\n\t\t<a class=\"elementor-post__read-more\" href=\"https:\/\/iso14001.cl\/index.php\/2024\/03\/12\/ministerio-del-medio-ambiente-firma-acuerdo-de-colaboracion-en-materia-de-transicion-ecologica-justa-con-el-ministerio-de-transicion-ecologica-y-reto-demografico-de-espana\/\" aria-label=\"Read more about Ministerio del Medio Ambiente firma acuerdo sobre transici\u00f3n ecol\u00f3gica justa con hom\u00f3logo espa\u00f1ol de Espa\u00f1a\" tabindex=\"-1\" target=\"_blank\">\n\t\t\tLeer m\u00e1s \u00bb\t\t<\/a>\n\n\t\t\t\t<\/div>\n\t\t\t\t<\/article>\n\t\t\t\t<article class=\"elementor-post elementor-grid-item post-1 post type-post status-publish format-standard has-post-thumbnail hentry category-blog\">\n\t\t\t\t<a class=\"elementor-post__thumbnail__link\" href=\"https:\/\/iso14001.cl\/index.php\/2024\/01\/26\/hola-mundo\/\" tabindex=\"-1\" target=&quot;_blank&quot;>\n\t\t\t<div class=\"elementor-post__thumbnail\"><img decoding=\"async\" width=\"1500\" height=\"936\" src=\"https:\/\/iso14001.cl\/wp-content\/uploads\/2024\/03\/CEPAL-OCDE-1-MINISTRA-SUBSE-1500x936-1.jpeg\" class=\"attachment-full size-full wp-image-1270\" alt=\"\" srcset=\"https:\/\/iso14001.cl\/wp-content\/uploads\/2024\/03\/CEPAL-OCDE-1-MINISTRA-SUBSE-1500x936-1.jpeg 1500w, https:\/\/iso14001.cl\/wp-content\/uploads\/2024\/03\/CEPAL-OCDE-1-MINISTRA-SUBSE-1500x936-1-300x187.jpeg 300w, https:\/\/iso14001.cl\/wp-content\/uploads\/2024\/03\/CEPAL-OCDE-1-MINISTRA-SUBSE-1500x936-1-1024x639.jpeg 1024w, https:\/\/iso14001.cl\/wp-content\/uploads\/2024\/03\/CEPAL-OCDE-1-MINISTRA-SUBSE-1500x936-1-768x479.jpeg 768w\" sizes=\"(max-width: 1500px) 100vw, 1500px\" \/><\/div>\n\t\t<\/a>\n\t\t\t\t<div class=\"elementor-post__text\">\n\t\t\t\t<h3 class=\"elementor-post__title\">\n\t\t\t<a href=\"https:\/\/iso14001.cl\/index.php\/2024\/01\/26\/hola-mundo\/\" target=&quot;_blank&quot;>\n\t\t\t\tCon 36 recomendaciones: OCDE entrega la tercera Evaluaci\u00f3n de Desempe\u00f1o Ambiental de Chile\t\t\t<\/a>\n\t\t<\/h3>\n\t\t\t\t<div class=\"elementor-post__meta-data\">\n\t\t\t\t\t<span class=\"elementor-post-date\">\n\t\t\t26 de January de 2024\t\t<\/span>\n\t\t\t\t<span class=\"elementor-post-avatar\">\n\t\t\t1 Comment\t\t<\/span>\n\t\t\t\t<\/div>\n\t\t\t\t<div class=\"elementor-post__excerpt\">\n\t\t\t<p>El pa\u00eds recibi\u00f3 el resultado de la EDA 2024, un examen que se realiz\u00f3 desde enero del a\u00f1o pasado y que concluy\u00f3 con recomendaciones para fortalecer el desempe\u00f1o ambiental del pa\u00eds. La tercera Evaluaci\u00f3n de Desempe\u00f1o Ambiental de Chile (EDA Chile 2024), examen realizado por la Organizaci\u00f3n para la Cooperaci\u00f3n y el Desarrollo Econ\u00f3micos (OCDE), entreg\u00f3 un an\u00e1lisis de los compromisos ambientales del pa\u00eds y 36 recomendaciones claves para&nbsp; continuar avanzando en la protecci\u00f3n del medioambiente.<\/p>\n\t\t<\/div>\n\t\t\n\t\t<a class=\"elementor-post__read-more\" href=\"https:\/\/iso14001.cl\/index.php\/2024\/01\/26\/hola-mundo\/\" aria-label=\"Read more about Con 36 recomendaciones: OCDE entrega la tercera Evaluaci\u00f3n de Desempe\u00f1o Ambiental de Chile\" tabindex=\"-1\" target=\"_blank\">\n\t\t\tLeer m\u00e1s \u00bb\t\t<\/a>\n\n\t\t\t\t<\/div>\n\t\t\t\t<\/article>\n\t\t\t\t<\/div>\n\t\t\n\t\t\t\t\t\t<\/div>\n\t\t\t\t<\/div>\n\t\t\t\t\t<\/div>\n\t\t<\/div>\n\t\t\t\t\t<\/div>\n\t\t<\/section>\n\t\t\t\t<\/div>\n\t\t","protected":false},"excerpt":{"rendered":"<p>Noticias<\/p>\n","protected":false},"author":2,"featured_media":0,"parent":0,"menu_order":0,"comment_status":"closed","ping_status":"closed","template":"","meta":{"footnotes":""},"class_list":["post-1221","page","type-page","status-publish","hentry"],"_links":{"self":[{"href":"https:\/\/iso14001.cl\/index.php\/wp-json\/wp\/v2\/pages\/1221"}],"collection":[{"href":"https:\/\/iso14001.cl\/index.php\/wp-json\/wp\/v2\/pages"}],"about":[{"href":"https:\/\/iso14001.cl\/index.php\/wp-json\/wp\/v2\/types\/page"}],"author":[{"embeddable":true,"href":"https:\/\/iso14001.cl\/index.php\/wp-json\/wp\/v2\/users\/2"}],"replies":[{"embeddable":true,"href":"https:\/\/iso14001.cl\/index.php\/wp-json\/wp\/v2\/comments?post=1221"}],"version-history":[{"count":79,"href":"https:\/\/iso14001.cl\/index.php\/wp-json\/wp\/v2\/pages\/1221\/revisions"}],"predecessor-version":[{"id":1332,"href":"https:\/\/iso14001.cl\/index.php\/wp-json\/wp\/v2\/pages\/1221\/revisions\/1332"}],"wp:attachment":[{"href":"https:\/\/iso14001.cl\/index.php\/wp-json\/wp\/v2\/media?parent=1221"}],"curies":[{"name":"wp","href":"https:\/\/api.w.org\/{rel}","templated":true}]}}